{"id":936,"date":"2016-09-19T12:37:27","date_gmt":"2016-09-19T12:37:27","guid":{"rendered":"http:\/\/www.drinkanddraw-tlse.org\/?page_id=936"},"modified":"2016-09-30T08:55:09","modified_gmt":"2016-09-30T08:55:09","slug":"pro-2","status":"publish","type":"page","link":"http:\/\/www.drinkanddraw-tlse.org\/?page_id=936","title":{"rendered":"Pro"},"content":{"rendered":"<p><a href=\"http:\/\/www.drinkanddraw-tlse.org\/wp-content\/uploads\/2016\/09\/photoeurecia04.jpg\" rel=\"attachment wp-att-942\"><img src=\"http:\/\/www.drinkanddraw-tlse.org\/wp-content\/uploads\/2016\/09\/photoeurecia04.jpg\" alt=\"photoeurecia04\" width=\"600\" class=\"aligncenter size-full wp-image-942\" srcset=\"http:\/\/www.drinkanddraw-tlse.org\/wp-content\/uploads\/2016\/09\/photoeurecia04.jpg 1280w, http:\/\/www.drinkanddraw-tlse.org\/wp-content\/uploads\/2016\/09\/photoeurecia04-300x200.jpg 300w, http:\/\/www.drinkanddraw-tlse.org\/wp-content\/uploads\/2016\/09\/photoeurecia04-768x512.jpg 768w, http:\/\/www.drinkanddraw-tlse.org\/wp-content\/uploads\/2016\/09\/photoeurecia04-1024x682.jpg 1024w\" sizes=\"(max-width: 1280px) 100vw, 1280px\" \/><\/a><\/p>\n<p>Faites appel au Drink and Draw pour vos soir\u00e9es d&rsquo;entreprise ou autres soir\u00e9es priv\u00e9es.<br \/>\nLe Drink and Draw vous propose un \u00e9v\u00e9nement priv\u00e9 sur mesure afin d&rsquo;\u00e9gailler vos s\u00e9minaires, anniversaires ou autre soir\u00e9e d&rsquo;entreprise ou autre.<\/p>\n<p><a href=\"http:\/\/www.drinkanddraw-tlse.org\/wp-content\/uploads\/2016\/09\/photoeurecia09.jpg\" rel=\"attachment wp-att-941\"><img src=\"http:\/\/www.drinkanddraw-tlse.org\/wp-content\/uploads\/2016\/09\/photoeurecia09.jpg\" alt=\"photoeurecia09\" width=\"600\" class=\"aligncenter size-full wp-image-941\" srcset=\"http:\/\/www.drinkanddraw-tlse.org\/wp-content\/uploads\/2016\/09\/photoeurecia09.jpg 1280w, http:\/\/www.drinkanddraw-tlse.org\/wp-content\/uploads\/2016\/09\/photoeurecia09-300x200.jpg 300w, http:\/\/www.drinkanddraw-tlse.org\/wp-content\/uploads\/2016\/09\/photoeurecia09-768x512.jpg 768w, http:\/\/www.drinkanddraw-tlse.org\/wp-content\/uploads\/2016\/09\/photoeurecia09-1024x682.jpg 1024w\" sizes=\"(max-width: 1280px) 100vw, 1280px\" \/><\/a><\/p>\n<p><a href=\"http:\/\/www.drinkanddraw-tlse.org\/wp-content\/uploads\/2016\/09\/photoeurecia17.jpg\" rel=\"attachment wp-att-940\"><img src=\"http:\/\/www.drinkanddraw-tlse.org\/wp-content\/uploads\/2016\/09\/photoeurecia17.jpg\" alt=\"photoeurecia17\" width=\"600\" class=\"aligncenter size-full wp-image-940\" srcset=\"http:\/\/www.drinkanddraw-tlse.org\/wp-content\/uploads\/2016\/09\/photoeurecia17.jpg 1280w, http:\/\/www.drinkanddraw-tlse.org\/wp-content\/uploads\/2016\/09\/photoeurecia17-300x200.jpg 300w, http:\/\/www.drinkanddraw-tlse.org\/wp-content\/uploads\/2016\/09\/photoeurecia17-768x512.jpg 768w, http:\/\/www.drinkanddraw-tlse.org\/wp-content\/uploads\/2016\/09\/photoeurecia17-1024x682.jpg 1024w\" sizes=\"(max-width: 1280px) 100vw, 1280px\" \/><\/a><\/p>\n<p><a href=\"http:\/\/www.drinkanddraw-tlse.org\/wp-content\/uploads\/2016\/09\/photoeurecia10.jpg\" rel=\"attachment wp-att-943\"><img src=\"http:\/\/www.drinkanddraw-tlse.org\/wp-content\/uploads\/2016\/09\/photoeurecia10.jpg\" alt=\"photoeurecia10\" width=\"600\" class=\"aligncenter size-full wp-image-943\" srcset=\"http:\/\/www.drinkanddraw-tlse.org\/wp-content\/uploads\/2016\/09\/photoeurecia10.jpg 1280w, http:\/\/www.drinkanddraw-tlse.org\/wp-content\/uploads\/2016\/09\/photoeurecia10-300x200.jpg 300w, http:\/\/www.drinkanddraw-tlse.org\/wp-content\/uploads\/2016\/09\/photoeurecia10-768x512.jpg 768w, http:\/\/www.drinkanddraw-tlse.org\/wp-content\/uploads\/2016\/09\/photoeurecia10-1024x682.jpg 1024w\" sizes=\"(max-width: 1280px) 100vw, 1280px\" \/><\/a><\/p>\n<p>Contactez-nous sur <b>vinzc@drinkanddraw-tlse.org<b><\/p>\n","protected":false},"excerpt":{"rendered":"<p>Faites appel au Drink and Draw pour vos soir\u00e9es d&rsquo;entreprise ou autres soir\u00e9es priv\u00e9es. Le Drink and Draw vous propose un \u00e9v\u00e9nement priv\u00e9 sur mesure afin d&rsquo;\u00e9gailler vos s\u00e9minaires, anniversaires ou autre soir\u00e9e d&rsquo;entreprise ou autre. Contactez-nous sur vinzc@drinkanddraw-tlse.org<\/p>\n","protected":false},"author":1,"featured_media":0,"parent":0,"menu_order":0,"comment_status":"closed","ping_status":"closed","template":"","meta":[],"_links":{"self":[{"href":"http:\/\/www.drinkanddraw-tlse.org\/index.php?rest_route=\/wp\/v2\/pages\/936"}],"collection":[{"href":"http:\/\/www.drinkanddraw-tlse.org\/index.php?rest_route=\/wp\/v2\/pages"}],"about":[{"href":"http:\/\/www.drinkanddraw-tlse.org\/index.php?rest_route=\/wp\/v2\/types\/page"}],"author":[{"embeddable":true,"href":"http:\/\/www.drinkanddraw-tlse.org\/index.php?rest_route=\/wp\/v2\/users\/1"}],"replies":[{"embeddable":true,"href":"http:\/\/www.drinkanddraw-tlse.org\/index.php?rest_route=%2Fwp%2Fv2%2Fcomments&post=936"}],"version-history":[{"count":4,"href":"http:\/\/www.drinkanddraw-tlse.org\/index.php?rest_route=\/wp\/v2\/pages\/936\/revisions"}],"predecessor-version":[{"id":945,"href":"http:\/\/www.drinkanddraw-tlse.org\/index.php?rest_route=\/wp\/v2\/pages\/936\/revisions\/945"}],"wp:attachment":[{"href":"http:\/\/www.drinkanddraw-tlse.org\/index.php?rest_route=%2Fwp%2Fv2%2Fmedia&parent=936"}],"curies":[{"name":"wp","href":"https:\/\/api.w.org\/{rel}","templated":true}]}}